on factor of 268800 and 60?
60
What is the greatest common factor of 462 and 105666?
66
Calculate the greatest common divisor of 314821 and 1891.
61
Calculate the greatest common factor of 414 and 21150.
18
Calculate the highest common factor of 85 and 281231.
17
What is the greatest common divisor of 213296 and 4?
4
What is the highest common factor of 3231 and 738?
9
What is the greatest common factor of 1498 and 1106?
14
What is the greatest common factor of 11506 and 242?
22
Calculate the highest common divisor of 1670432 and 32.
32
What is the highest common divisor of 142 and 127090?
142
What is the greatest common factor of 380 and 273600?
380
Calculate the highest common factor of 160 and 1435.
5
What is the highest common divisor of 517 and 186637?
517
Calculate the greatest common divisor of 834 and 770199.
417
Calculate the greatest common factor of 229 and 54.
1
What is the highest common factor of 77660 and 660?
220
What is the highest common factor of 41049 and 117?
9
Calculate the highest common divisor of 5425030 and 754.
754
Calculate the highest common factor of 88 and 54186.
22
Calculate the greatest common divisor of 1514 and 5557894.
1514
What is the highest common divisor of 13678488 and 522?
522
What is the highest common divisor of 75 and 386275?
25
Calculate the greatest common divisor of 555333 and 444.
111
What is the greatest common divisor of 199611 and 27?
27
Calculate the greatest common divisor of 3084 and 384.
12
What is the highest common divisor of 188565 and 195?
195
What is the greatest common factor of 827381 and 926?
463
Calculate the highest common factor of 2350 and 629330.
470
What is the greatest common divisor of 52050 and 20?
10
What is the greatest common factor of 164 and 92291?
41
Calculate the greatest common divisor of 424 and 16.
8
What is the highest common divisor of 67421 and 1?
1
What is the greatest common factor of 1037 and 2796789?
1037
Calculate the greatest common divisor of 1338 and 564.
6
Calculate the greatest common factor of 2973945 and 1510.
755
Calculate the highest common factor of 75 and 30993.
3
What is the highest common divisor of 1729 and 3515?
19
Calculate the highest common divisor of 12 and 13611.
3
What is the greatest common divisor of 101387 and 33?
11
What is the greatest common divisor of 52332 and 336?
84
Calculate the greatest common factor of 559 and 533611.
13
What is the greatest common factor of 94182 and 594?
66
Calculate the greatest common factor of 200301 and 179.
179
What is the greatest common divisor of 1197 and 23121?
63
What is the greatest common divisor of 31671 and 306?
153
Calculate the greatest common factor of 128 and 47800.
8
Calculate the greatest common factor of 15 and 4375.
5
Calculate the greatest common factor of 3623509 and 19.
19
What is the greatest common factor of 273 and 20391?
21
Calculate the highest common divisor of 4700 and 100.
100
Calculate the greatest common divisor of 9 and 14466.
3
What is the highest common factor of 168 and 27300?
84
Calculate the greatest common divisor of 101471 and 29.
29
What is the greatest common divisor of 10540 and 36380?
340
Calculate the highest common factor of 11222 and 1984.
62
Calculate the highest common factor of 5829 and 24128.
29
What is the highest common divisor of 35666 and 68?
34
What is the highest common divisor of 2397 and 1128?
141
Calculate the greatest common divisor of 12 and 398388.
12
Calculate the greatest common factor of 3 and 92142.
3
Calculate the greatest common divisor of 5978 and 7056.
98
What is the highest common divisor of 1161 and 216?
27
Calculate the highest common divisor of 19503 and 1535418.
1773
Calculate the highest common factor of 1661 and 8909.
151
What is the highest common factor of 27438 and 18?
6
What is the highest common factor of 103958 and 472?
118
Calculate the highest common divisor of 5184 and 18864.
144
What is the greatest common divisor of 3636707 and 202?
101
Calculate the greatest common factor of 4375 and 325.
25
Calculate the greatest common divisor of 84912 and 34336.
464
What is the highest common factor of 14396 and 590?
118
What is the greatest common factor of 2842 and 1022?
14
What is the greatest common divisor of 1108345 and 35?
35
Calculate the highest common divisor of 226584 and 1512.
216
What is the greatest common divisor of 18939 and 1177?
107
What is the highest common divisor of 2240 and 132832?
224
What is the highest common factor of 540 and 442212?
12
What is the greatest common factor of 425921 and 59?
59
What is the greatest common factor of 1237549 and 17?
17
What is the greatest common factor of 611 and 7614?
47
What is the highest common divisor of 423 and 6867?
9
Calculate the highest common factor of 484484 and 91.
91
Calculate the greatest common factor of 4161 and 657.
219
What is the highest common divisor of 35763 and 393?
393
What is the highest common divisor of 6 and 9972?
6
What is the greatest common divisor of 277870 and 740?
370
What is the greatest common divisor of 342 and 11596650?
114
Calculate the greatest common divisor of 16669 and 395.
79
Calculate the highest common factor of 135 and 1395.
45
What is the highest common factor of 34296 and 80?
8
What is the highest common divisor of 204764 and 112?
28
What is the greatest common divisor of 30 and 23390?
10
Calculate the greatest common factor of 59535 and 70.
35
Calculate the highest common factor of 208422 and 18.
18
Calculate the highest common factor of 1817 and 4819.
79
What is the highest common factor of 38394 and 5056?
158
Calculate the greatest common factor of 189 and 3787.
7
What is the highest common divisor of 9 and 24993?
9
What is the highest common divisor of 1000 and 10975?
25
Calculate the greatest common divisor of 14858 and 2754.
34
Calculate the greatest common divisor of 27144 and 8584.
232
What is the highest common divisor of 8269731 and 353?
353
What is the highest common factor of 372 and 175429?
31
What is the highest common divisor of 297294 and 42?
6
Calculate the highest common factor of 3312 and 6840.
72
Calculate the highest common divisor of 7072 and 33696.
416
Calculate the greatest common divisor of 6 and 4665714.
6
Calculate the highest common factor of 140 and 903.
7
What is the greatest common factor of 1933876 and 168?
28
What is the highest common factor of 64300 and 200?
100
What is the greatest common divisor of 368 and 7774?
46
What is the highest common divisor of 112 and 840?
56
What is the highest common divisor of 48425 and 650?
325
What is the highest common factor of 5 and 158687?
1
Calculate the greatest common divisor of 49 and 13783.
7
Calculate the greatest common divisor of 543222 and 12051.
927
Calculate the highest common factor of 5252 and 135980.
52
Calculate the highest common factor of 615 and 1820195.
205
Calculate the highest common factor of 21 and 1272047.
7
What is the greatest common factor of 140 and 4914?
14
What is the highest common factor of 24926 and 2178?
242
What is the highest common factor of 261 and 163763?
29
What is the highest common factor of 14758 and 423?
47
Calculate the highest common factor of 26 and 12646322.
26
Calculate the highest common factor of 14 and 123249.
7
What is the greatest common factor of 560690 and 760?
190
Calculate the greatest common factor of 4709 and 1207.
17
What is the greatest common factor of 20240850 and 555?
555
Calculate the greatest common factor of 176495 and 275.
55
Calculate the greatest common divisor of 222 and 10138.
74
Calculate the greatest common factor of 23266 and 18.
2
What is the greatest common factor of 23450 and 456806?
938
What is the highest common divisor of 2550 and 63138?
102
Calculate the greatest common factor of 157034 and 4.
2
Calculate the greatest common divisor of 13736 and 10807.
101
Calculate the highest common divisor of 655 and 65762.
131
What is the greatest common divisor of 135 and 2995?
5
What is the greatest common divisor of 1746 and 162?
18
Calculate the greatest common divisor of 378994 and 385.
77
Calculate the highest common factor of 11990 and 5170.
110
What is the greatest common factor of 361 and 9393581?
361
What is the greatest common divisor of 1245 and 138000?
15
What is